{"id":127,"date":"2018-08-27T12:15:55","date_gmt":"2018-08-27T12:15:55","guid":{"rendered":"https:\/\/websitedemos.net\/alex19\/?page_id=8"},"modified":"2021-06-10T19:04:23","modified_gmt":"2021-06-10T19:04:23","slug":"about","status":"publish","type":"page","link":"https:\/\/sahdes.org\/?page_id=127","title":{"rendered":"que hacemos"},"content":{"rendered":"\n\n\t<h1>\n\t\t\t\t\tQue hacemos\n\t\t\t\t<\/h1>\n\t<strong>Los programas de intervenci\u00f3n comunitaria que desarrollamos est\u00e1n basados en la formaci\u00f3n de promotores barriales, capacitaci\u00f3n participativa y coordinaci\u00f3n del trabajo con vecinos socialmente activos para:<\/strong><br \/>\n\u2022 Estimular el crecimiento y desarrollo infanto-juvenil<br \/>\n\u2022 Mejorar el autocuidado del embarazo y asegurar el acceso a un parto seguro<br \/>\n\u2022 Empoderar a las mujeres para contribuir a su autoestima y autonom\u00eda\n\t<h2>\n\t\t\t\t\tComisi\u00f3n Directiva\n\t\t\t\t<\/h2>\n\t<strong>Presidenta:<\/strong>\u00a0Luciana Malamud<br \/>\n<strong>Secretaria:<\/strong>\u00a0Mar\u00eda Elena Manzur<strong><br \/>\nTesorera:<\/strong>\u00a0Andrea Dom\u00ednguez<br \/>\n<strong>Vocales:<\/strong>\u00a0Daniela Blanco y Mar\u00eda Laura Bacigalupo<br \/>\n<strong>Vocales suplentes:<\/strong>\u00a0Alberto V\u00e1zquez y Marta Papponetti<br \/>\n<strong>Organo Fiscalizador:<\/strong>\u00a0Juan Carrera y Selva Senna<br \/>\n<strong>Organo Fiscalizador suplente:\u00a0<\/strong>Silvia Bocci\n\t<h4>Nos acompa\u00f1an:<\/h4>\n\t\n\n ","protected":false},"excerpt":{"rendered":"<p>Que hacemos Los programas de intervenci\u00f3n comunitaria que desarrollamos est\u00e1n basados en la formaci\u00f3n de promotores barriales, capacitaci\u00f3n participativa y coordinaci\u00f3n del trabajo con vecinos socialmente activos para: \u2022 Estimular el crecimiento y desarrollo infanto-juvenil \u2022 Mejorar el autocuidado del embarazo y asegurar el acceso a un parto seguro \u2022 Empoderar a las mujeres para &hellip;<\/p>\n<p class=\"read-more\"> <a class=\"\" href=\"https:\/\/sahdes.org\/?page_id=127\"> <span class=\"screen-reader-text\">que hacemos<\/span> Leer m\u00e1s &raquo;<\/a><\/p>\n","protected":false},"author":1,"featured_media":0,"parent":0,"menu_order":0,"comment_status":"closed","ping_status":"closed","template":"","meta":[],"_links":{"self":[{"href":"https:\/\/sahdes.org\/index.php?rest_route=\/wp\/v2\/pages\/127"}],"collection":[{"href":"https:\/\/sahdes.org\/index.php?rest_route=\/wp\/v2\/pages"}],"about":[{"href":"https:\/\/sahdes.org\/index.php?rest_route=\/wp\/v2\/types\/page"}],"author":[{"embeddable":true,"href":"https:\/\/sahdes.org\/index.php?rest_route=\/wp\/v2\/users\/1"}],"replies":[{"embeddable":true,"href":"https:\/\/sahdes.org\/index.php?rest_route=%2Fwp%2Fv2%2Fcomments&post=127"}],"version-history":[{"count":24,"href":"https:\/\/sahdes.org\/index.php?rest_route=\/wp\/v2\/pages\/127\/revisions"}],"predecessor-version":[{"id":1242,"href":"https:\/\/sahdes.org\/index.php?rest_route=\/wp\/v2\/pages\/127\/revisions\/1242"}],"wp:attachment":[{"href":"https:\/\/sahdes.org\/index.php?rest_route=%2Fwp%2Fv2%2Fmedia&parent=127"}],"curies":[{"name":"wp","href":"https:\/\/api.w.org\/{rel}","templated":true}]}}